Let p(t) = -t**3 - t**2 + 3*t + 2. Let b be p(-2). Suppose b = k - 5*k + 20. What are the prime factors of k?
5
Suppose 0 = s + 3*s + 2*c + 28, -2*s - 22 = 5*c. Let r be (4/s)/((-2)/78). Let p = 55 - r. What are the prime factors of p?
29
Let o be (-518)/(-4) - (-6)/12. What are the prime factors of o/6 - (-4)/12?
2, 11
Suppose -4*n = -11*n - 14. List the prime factors of (156/(-8) - 4)*n.
47
Suppose 6*q - 4*q = 0. Suppose -r - r + 76 = q. Suppose -4*x + 6 = -r. List the prime factors of x.
11
List the prime factors of 1/((-9)/96)*(-1494)/12.
2, 83
Let g = -995 + 1699. What are the prime factors of g?
2, 11
Let y be (-4 + -37)/((-3)/(-3)). Let n = y - -101. List the prime factors of n.
2, 3, 5
Let p = 37 - 36. Let q(l) = 49*l + 3. What are the prime factors of q(p)?
2, 13
Let i(t) = 16*t**2 - 9*t - 14. What are the prime factors of i(-6)?
2, 7, 11
Let i(o) = o**3 + 14. Let b be i(0). List the prime factors of b/(-49) - (-604)/7.
2, 43
Let h = -106 - -226. What are the prime factors of h?
2, 3, 5
Let s = 834 - 316. What are the prime factors of s?
2, 7, 37
Let h(b) = 48*b**2 - 13*b + 4. Let n(f) = 24*f**2 - 7*f + 2. Let a(z) = 6*h(z) - 11*n(z). List the prime factors of a(2).
2, 3
Let v(r) = -r**3 + 8*r**2 - r + 11. Let p be v(6). Suppose s + 4*w - 24 - p = 0, -3*s + 303 = -5*w. List the prime factors of s.
101
Let x(f) = 9*f**2 + 6*f + 7. What are the prime factors of x(-2)?
31
Let f = 5130 - 3646. What are the prime factors of f?
2, 7, 53
Let r = 131 - 88. Suppose -t + r = -88. What are the prime factors of t?
131
Let k(f) = 2*f - 18. Let r be (1 + -3)*(-29)/(-2). Let q = -16 - r. What are the prime factors of k(q)?
2
Let t = 73 - 70. What are the prime factors of (2/((-4)/t))/(27/(-234))?
13
Let j = -67 - -69. Let m(k) = 11*k**3 - 3*k + 1. List the prime factors of m(j).
83
Let n(h) = -3*h - 1079 + 1050 - 12*h. What are the prime factors of n(-14)?
181
Suppose 5*g - 8*c - 6250 = 0, 3750 = 3*g - 6*c + 5*c. What are the prime factors of g?
2, 5
Let y(i) = -6*i**2 - 3*i + 2. Let w(k) = -5*k**2 - 3*k + 1. Let f(g) = -4*w(g) + 3*y(g). Let p be f(-3). List the prime factors of (0 + -3)/((-3)/p).
11
Let i(h) = -3*h - 44. Let j(d) = 8*d + 132. Let s(z) = -14*i(z) - 5*j(z). Let n be s(0). Let m = 3 - n. List the prime factors of m.
47
Let n = -1590 + 3249. What are the prime factors of n?
3, 7, 79
Let u = 41 + -1. Let k = u - 18. What are the prime factors of k?
2, 11
What are the prime factors of 41/13 + (-6)/39 - -493?
2, 31
Suppose -9*p = -181 + 10. Suppose 0 = 18*t - p*t + 78. List the prime factors of t.
2, 3, 13
Suppose 11 = -2*h + 15. Suppose -30 - 33 = -5*x + h*f, 2*x - 25 = f. List the prime factors of x.
13
Let k = 36 + -27. Suppose 756 = k*u - 261. What are the prime factors of u?
113
Let v be -4 - (-13 - (-1 - 2)). Let g be 15/5 - 4*v. Let k = 39 + g. List the prime factors of k.
2, 3
Let m be (137/(-2))/(6/(-12)). Suppose 0 = 3*c - 5*u - m, -4*c - 4*u + 101 = -c. List the prime factors of c.
3, 13
Let q(r) = -r**3 + 8*r**2 - 6*r - 6. Let y be q(5). Let j = y + -35. Suppose n + n + j*o - 84 = 0, -46 = -n - 3*o. List the prime factors of n.
2, 17
Let j(c) = 2*c - 7. Let p be j(6). Suppose 5*s + 15 + p = 0. Let h = 10 + s. What are the prime factors of h?
2, 3
Suppose 3*b + 6 = 5*b, -10 = -2*j - 2*b. Suppose j*c + 228 = 8*c. List the prime factors of c.
2, 19
Suppose 0 = 7*p + 8 - 29. Suppose 4*c - 3*s + p = -0, 9 = -2*c + 3*s. Suppose -3*x = c*f + 6, 5*x - 5 = 3*f - 39. List the prime factors of f.
3
Let s(m) = 2*m - 4 - 172*m**2 + 6*m + 173*m**2. Let q(n) = n - 2. Let i be q(-7). List the prime factors of s(i).
5
Let d(k) = k**2 - 4*k. Let o be d(-5). Let f = o - 21. Suppose -s + 43 + f = 0. What are the prime factors of s?
67
Suppose -5*l + 4*i = -0*l - 103, 2*i - 121 = -5*l. Suppose u - 4*u = -3*w + 123, 5*u - l = -w. What are the prime factors of w?
2, 19
Let y(b) = b**2 + 21. Let a be y(0). What are the prime factors of (-108)/(-21)*a/2?
2, 3
Suppose -5*q - 2*x - 883 = 0, -4*q = 3*x - 12 + 724. Let t = -67 - q. Suppose k = -k + t. What are the prime factors of k?
2, 3
What are the prime factors of (-5)/(30/(-9608)) - (-2)/3?
2, 3, 89
Let t be ((-7)/(-2))/((-2)/4). Let m be (-1)/(t/2 + 3). Suppose 0 = -3*v - 3*d + 162, -m*v + 18 = -2*d - 86. List the prime factors of v.
53
Let j = 25 - -37. What are the prime factors of j?
2, 31
Let j(c) = 331*c**2 - 21*c + 45. List the prime factors of j(2).
1327
Let n(y) = y**2 - y - 6. Let b be n(3). Suppose -5*c + 247 = -d - 104, c - 3*d - 73 = b. List the prime factors of c.
2, 5, 7
Suppose -3*b + 10*o + 496 = 15*o, -4*o = b - 177. List the prime factors of b.
157
Let j(t) = -t**3 - 3*t**2 + 2*t + 10. Let i be j(-2). Suppose i*p - 6*p = -956. What are the prime factors of p?
239
Let b(a) = 5*a + 11. Let d be b(-15). Let x = d + 273. List the prime factors of x.
11, 19
Suppose 15*s - 22756 = 11*s - 4*i, 2*i = 0. List the prime factors of s.
5689
Let w(h) = h**2 + 6*h - 20. Let f be w(-9). Suppose f*d + 4*d = 1221. List the prime factors of d.
3, 37
Let t = 1712 - 852. Suppose -4*m = 200 - t. What are the prime factors of m?
3, 5, 11
Let j = 138 + -88. Suppose 150 = 6*a - a. What are the prime factors of (j/15)/(4/a)?
5
Suppose y - 12*y = -198. Suppose -x - y = -304. List the prime factors of x.
2, 11, 13
Let q(i) = 19*i + 9. Let c be 45/12 - (2 + 2)/(-16). List the prime factors of q(c).
5, 17
Let d = 16 + -16. Suppose d = -u - u + 124. List the prime factors of u.
2, 31
Let y(p) = -3*p**3 - 2*p**2 - 3*p. Let x be y(-2). Suppose x*r - r = 3969. What are the prime factors of r?
3, 7
Let l be (0 - 0)*6/(-12)*2. Suppose 3*d - 244 = -h, -2*h + 5*d + 270 + 174 = l. List the prime factors of h.
2, 29
Suppose 5881 = 9*t + 1750. What are the prime factors of t?
3, 17
Let j be (357/(-34))/((-3)/2). Suppose -j - 28 = -v. List the prime factors of v.
5, 7
Let h(y) = y + 1. Let s be h(5). Suppose o = -f + 5 + 2, -s = 2*f - 2*o. Suppose 2*i + 14 = f*m, -i = -6*m + 3*m + 23. List the prime factors of m.
2
Let i be 8/(-10) + 40/50. Suppose i = 4*z - 0 + 12, -5*l = -z - 353. List the prime factors of l.
2, 5, 7
Let v = 23 - 33. Let h = v + 17. Let z = 12 - h. List the prime factors of z.
5
Suppose -b - 60 = -6*b. Suppose -89 = -3*x + 4*v - 13, 2*v = -x + b. Let k = -18 + x. What are the prime factors of k?
2
Suppose -4*u + 25 - 85 = 0. What are the prime factors of ((-489)/u + 2)*(0 + 5)?
173
Suppose 16 = 19*z - 15*z. Suppose z*v - 1228 = 5*t - 417, -831 = -4*v + t. What are the prime factors of v?
11, 19
Suppose 0 = -8*q + 3*q + 10. Let g(o) = -4*o**2 - 10 + o**q + 4*o**2 + 3*o. What are the prime factors of g(-6)?
2
Let a(u) = -14*u**3 - 7*u**2 - 46. What are the prime factors of a(-7)?
3, 1471
Suppose 0 = 5*k + 19*z - 16*z - 2680, z + 544 = k. List the prime factors of k.
7, 11
List the prime factors of 4 + (0 - 522)/(-3).
2, 89
Suppose 15 - 263 = -8*p. What are the prime factors of p?
31
Let y(t) = t**2 - 5*t - 4. Let a be y(9). Suppose -a*w + 30*w = -128. List the prime factors of w.
2
Let j be (2 + 8/(-5))*865. Let z be 17/(-68) + j/8. Suppose -l + 2*r - 7*r + z = 0, 3*l - 4*r = 72. What are the prime factors of l?
2, 7
Suppose -5*z - 4*k = -10644, -4*z + 29*k - 32*k = -8515. What are the prime factors of z?
2, 7, 19
Let z(n) = 59*n**2 - 13*n - 5. List the prime factors of z(-3).
5, 113
Let n be (-17)/(-5) + -3 + 72/(-30). Let m(d) = -29*d**3 + 2*d**2 - 2*d - 4. What are the prime factors of m(n)?
2, 3, 5
Suppose 23595 = 6*j + 33*j. List the prime factors of j.
5, 11
Let m(r) = r - 1. Let i(g) = -49*g + 8. Let k(u) = -i(u) - 5*m(u). List the prime factors of k(1).
41
Suppose 2*x + 3*s = 35 + 17, -x - s = -26. Suppose -7*u + x = -5*u. List the prime factors of u.
13
Let h be (2 - -116)/(34/51). Let y = h - 53. What are the prime factors of y?
2, 31
Suppose 13*i = 18*i - 10. Suppose -5*p = 3*t + 2*t - 550, -i*p + 223 = 5*t. What are the prime factors of p?
109
Suppose -3*w = -63 - 12. Suppose 2*d - v = -3*d - 71, 2*d = -3*v - w. Let a = d - -35. List the prime factors of a.
3, 7
Let i be (2 - (-8)/(-12))/(4/(-36)). List the prime factors of 10/15 - 748/i.
3, 7
Let x(a) = 2*a**2 - 28*a + 31. What are the prime factors of x(22)?
383
Let x = 127 + 333. Suppose 4*k + x = 9*k. What are the prime factors of k?
